{"id":2590,"date":"2020-08-14T10:20:16","date_gmt":"2020-08-14T09:20:16","guid":{"rendered":"https:\/\/seberaltubeikastola.eus\/?page_id=2590"},"modified":"2022-09-29T21:38:32","modified_gmt":"2022-09-29T20:38:32","slug":"2590-2","status":"publish","type":"page","link":"https:\/\/seberaltubeikastola.eus\/es\/hezkuntza\/2590-2\/","title":{"rendered":"Proyecto educativo"},"content":{"rendered":"<section class=\"l-section wpb_row height_medium width_full\"><div class=\"l-section-h i-cf\"><div class=\"g-cols vc_row via_flex valign_top type_default stacking_default\"><div class=\"vc_col-sm-6 wpb_column vc_column_container\"><div class=\"vc_column-inner\"><div class=\"wpb_wrapper\"><div class=\"wpb_text_column\"><div class=\"wpb_wrapper\"><p>La ikastola est\u00e1 en constante movimiento para poder conseguir aquello con lo que so\u00f1amos. Pedag\u00f3gicamente, en los \u00faltimos a\u00f1os hemos afrontado retos importantes: desde la pedagog\u00eda de la confianza, hemos dado paso al proyecto Adaxka y, junto con el proyecto EKI, los hemos puesto en la base de nuestra pedagog\u00eda.<\/p>\n<p>Junto con la transformaci\u00f3n pedag\u00f3gica, hemos transformado nuestro espacios, enriquecidos con las opiniones del alumnado, profesorado y familias. La educaci\u00f3n que queremos, la seguimos construyendo con mimo en el d\u00eda a d\u00eda.<\/p>\n<p>Junto con el cuidado del bienestar emocional, ps\u00edquico y f\u00edsico de todo el alumnado, queremos una educaci\u00f3n basada en el principio de equidad, con especial atenci\u00f3n al alumnado que vive situaciones sociales y personales desfavorecidas, para poder preveer y superar las desigualdades. Para ello, la Ikastola debe tener un contexto de referencia que garantice la seguridad y participaci\u00f3n del alumnado, que les haga sentir que se les tiene en cuenta y que se les escucha. <\/p>\n<\/div><\/div><\/div><\/div><\/div><div class=\"vc_col-sm-6 wpb_column vc_column_container\"><div class=\"vc_column-inner\"><div class=\"wpb_wrapper\"><div class=\"w-video align_none ratio_16x9 has_iframe\"><div class=\"w-video-h\"><iframe title=\"Youtube video player\" src=\"\/\/www.youtube.com\/embed\/vrKr682BYOE?autoplay=0&controls=1&origin=https:\/\/seberaltubeikastola.eus\/es\/&loop=0&mute=0\" allowfullscreen=\"1\" loading=\"lazy\"><\/iframe><\/div><\/div><div class=\"w-btn-wrapper align_none\"><a class=\"w-btn us-btn-style_1 us_custom_213e151c icon_atleft\" target=\"_blank\" rel=\"nofollow\" href=\"\/wp-content\/uploads\/2020\/12\/Irteera-profila.pdf\"><i class=\"fas fa-file-pdf\"><\/i><span class=\"w-btn-label\">Perfil del alumnado<\/span><\/a><\/div><div class=\"w-btn-wrapper align_none\"><a class=\"w-btn us-btn-style_1\" href=\"https:\/\/seberaltubeikastola.eus\/es\/parte-hartzea\/lan-taldeak\/pedagogia\/\"><span class=\"w-btn-label\">Grupo de pedagog\u00eda<\/span><\/a><\/div><\/div><\/div><\/div><\/div><\/div><\/section><section class=\"l-section wpb_row us_custom_4edece6e height_medium width_full\"><div class=\"l-section-h i-cf\"><div class=\"g-cols vc_row via_flex valign_top type_default stacking_default\"><div class=\"vc_col-sm-12 wpb_column vc_column_container\"><div class=\"vc_column-inner\"><div class=\"wpb_wrapper\"><div class=\"wpb_text_column\"><div class=\"wpb_wrapper\"><p><img loading=\"lazy\" decoding=\"async\" class=\"alignnone size-medium wp-image-2155\" src=\"https:\/\/seberaltubeikastola.eus\/wp-content\/uploads\/2020\/10\/nkldmccbjlecifcj-300x133.png\" alt=\"\" width=\"300\" height=\"133\" srcset=\"https:\/\/seberaltubeikastola.eus\/wp-content\/uploads\/2020\/10\/nkldmccbjlecifcj-300x133.png 300w, https:\/\/seberaltubeikastola.eus\/wp-content\/uploads\/2020\/10\/nkldmccbjlecifcj-1024x455.png 1024w\" sizes=\"auto, (max-width: 300px) 100vw, 300px\" \/><br \/>\nQuisi\u00e9ramos que l@s alumn@s de Seber Altube Ikastola fueran, entre otras cosas, felices, que cuidaran el euskera y la cultura vasca enriqueciendo su mirada con otras lenguas, personas activas en la comunidad y en este mundo cambiante, que sabiendo ser un@ mism@, formando parte de la naturaleza, tuvieran capacidad de colaborar entre diferentes.<\/p>\n<\/div><\/div><\/div><\/div><\/div><\/div><\/div><\/section><section class=\"l-section wpb_row height_medium width_full\"><div class=\"l-section-h i-cf\"><div class=\"g-cols vc_row via_flex valign_top type_default stacking_default\"><div class=\"vc_col-sm-12 wpb_column vc_column_container\"><div class=\"vc_column-inner\"><div class=\"wpb_wrapper\"><\/div><\/div><\/div><\/div><\/div><\/section>\n","protected":false},"excerpt":{"rendered":"La ikastola est\u00e1 en constante movimiento para poder conseguir aquello con lo que so\u00f1amos. Pedag\u00f3gicamente, en los \u00faltimos a\u00f1os hemos afrontado retos importantes: desde la pedagog\u00eda de la confianza, hemos dado paso al proyecto Adaxka y, junto con el proyecto EKI, los hemos puesto en la base de nuestra pedagog\u00eda. Junto con la transformaci\u00f3n pedag\u00f3gica,...","protected":false},"author":6,"featured_media":0,"parent":2647,"menu_order":0,"comment_status":"closed","ping_status":"closed","template":"","meta":{"_acf_changed":false,"footnotes":""},"class_list":["post-2590","page","type-page","status-publish","hentry"],"acf":[],"_links":{"self":[{"href":"https:\/\/seberaltubeikastola.eus\/es\/wp-json\/wp\/v2\/pages\/2590","targetHints":{"allow":["GET"]}}],"collection":[{"href":"https:\/\/seberaltubeikastola.eus\/es\/wp-json\/wp\/v2\/pages"}],"about":[{"href":"https:\/\/seberaltubeikastola.eus\/es\/wp-json\/wp\/v2\/types\/page"}],"author":[{"embeddable":true,"href":"https:\/\/seberaltubeikastola.eus\/es\/wp-json\/wp\/v2\/users\/6"}],"replies":[{"embeddable":true,"href":"https:\/\/seberaltubeikastola.eus\/es\/wp-json\/wp\/v2\/comments?post=2590"}],"version-history":[{"count":8,"href":"https:\/\/seberaltubeikastola.eus\/es\/wp-json\/wp\/v2\/pages\/2590\/revisions"}],"predecessor-version":[{"id":3138,"href":"https:\/\/seberaltubeikastola.eus\/es\/wp-json\/wp\/v2\/pages\/2590\/revisions\/3138"}],"up":[{"embeddable":true,"href":"https:\/\/seberaltubeikastola.eus\/es\/wp-json\/wp\/v2\/pages\/2647"}],"wp:attachment":[{"href":"https:\/\/seberaltubeikastola.eus\/es\/wp-json\/wp\/v2\/media?parent=2590"}],"curies":[{"name":"wp","href":"https:\/\/api.w.org\/{rel}","templated":true}]}}

<section class="l-section wpb_row height_medium width_full"><div class="l-section-h i-cf"><div class="g-cols vc_row via_flex valign_top type_default stacking_default"><div class="vc_col-sm-6 wpb_column vc_column_container"><div class="vc_column-inner"><div class="wpb_wrapper"><div class="wpb_text_column"><div class="wpb_wrapper"><p>La ikastola está en constante movimiento para poder conseguir aquello con lo que soñamos. Pedagógicamente, en los últimos años hemos afrontado retos importantes: desde la pedagogía de la confianza, hemos dado paso al proyecto Adaxka y, junto con el proyecto EKI, los hemos puesto en la base de nuestra pedagogía.</p>
<p>Junto con la transformación pedagógica, hemos transformado nuestro espacios, enriquecidos con las opiniones del alumnado, profesorado y familias. La educación que queremos, la seguimos construyendo con mimo en el día a día.</p>
<p>Junto con el cuidado del bienestar emocional, psíquico y físico de todo el alumnado, queremos una educación basada en el principio de equidad, con especial atención al alumnado que vive situaciones sociales y personales desfavorecidas, para poder preveer y superar las desigualdades. Para ello, la Ikastola debe tener un contexto de referencia que garantice la seguridad y participación del alumnado, que les haga sentir que se les tiene en cuenta y que se les escucha. </p>
</div></div></div></div></div><div class="vc_col-sm-6 wpb_column vc_column_container"><div class="vc_column-inner"><div class="wpb_wrapper"><div class="w-video align_none ratio_16x9 has_iframe"><div class="w-video-h"><iframe title="Youtube video player" src="//www.youtube.com/embed/vrKr682BYOE?autoplay=0&controls=1&origin=https://seberaltubeikastola.eus/es/&loop=0&mute=0" allowfullscreen="1" loading="lazy"></iframe></div></div><div class="w-btn-wrapper align_none"><a class="w-btn us-btn-style_1 us_custom_213e151c icon_atleft" target="_blank" rel="nofollow" href="/wp-content/uploads/2020/12/Irteera-profila.pdf"><i class="fas fa-file-pdf"></i><span class="w-btn-label">Perfil del alumnado</span></a></div><div class="w-btn-wrapper align_none"><a class="w-btn us-btn-style_1" href="https://seberaltubeikastola.eus/es/parte-hartzea/lan-taldeak/pedagogia/"><span class="w-btn-label">Grupo de pedagogía</span></a></div></div></div></div></div></div></section><section class="l-section wpb_row us_custom_4edece6e height_medium width_full"><div class="l-section-h i-cf"><div class="g-cols vc_row via_flex valign_top type_default stacking_default"><div class="vc_col-sm-12 wpb_column vc_column_container"><div class="vc_column-inner"><div class="wpb_wrapper"><div class="wpb_text_column"><div class="wpb_wrapper"><p><img loading="lazy" decoding="async" class="alignnone size-medium wp-image-2155" src="https://seberaltubeikastola.eus/wp-content/uploads/2020/10/nkldmccbjlecifcj-300x133.png" alt="" width="300" height="133" srcset="https://seberaltubeikastola.eus/wp-content/uploads/2020/10/nkldmccbjlecifcj-300x133.png 300w, https://seberaltubeikastola.eus/wp-content/uploads/2020/10/nkldmccbjlecifcj-1024x455.png 1024w" sizes="auto, (max-width: 300px) 100vw, 300px" /><br />
Quisiéramos que l@s alumn@s de Seber Altube Ikastola fueran, entre otras cosas, felices, que cuidaran el euskera y la cultura vasca enriqueciendo su mirada con otras lenguas, personas activas en la comunidad y en este mundo cambiante, que sabiendo ser un@ mism@, formando parte de la naturaleza, tuvieran capacidad de colaborar entre diferentes.</p>
</div></div></div></div></div></div></div></section><section class="l-section wpb_row height_medium width_full"><div class="l-section-h i-cf"><div class="g-cols vc_row via_flex valign_top type_default stacking_default"><div class="vc_col-sm-12 wpb_column vc_column_container"><div class="vc_column-inner"><div class="wpb_wrapper"></div></div></div></div></div></section>

La ikastola está en constante movimiento para poder conseguir aquello con lo que soñamos. Pedagógicamente, en los últimos años hemos afrontado retos importantes: desde la pedagogía de la confianza, hemos dado paso al proyecto Adaxka y, junto con el proyecto EKI, los hemos puesto en la base de nuestra pedagogía. Junto con la transformación pedagógica,...
