{"id":2632,"date":"2020-08-14T07:51:58","date_gmt":"2020-08-14T06:51:58","guid":{"rendered":"https:\/\/seberaltubeikastola.eus\/ikastola\/"},"modified":"2022-09-29T20:44:10","modified_gmt":"2022-09-29T19:44:10","slug":"ikastola","status":"publish","type":"page","link":"https:\/\/seberaltubeikastola.eus\/es\/ikastola\/","title":{"rendered":"Ikastola"},"content":{"rendered":"<section class=\"l-section wpb_row height_medium width_full\"><div class=\"l-section-h i-cf\"><div class=\"g-cols vc_row via_flex valign_top type_default stacking_default\"><div class=\"vc_col-sm-6 wpb_column vc_column_container\"><div class=\"vc_column-inner\"><div class=\"wpb_wrapper\"><div class=\"wpb_text_column\"><div class=\"wpb_wrapper\"><div id=\"translation_text\">\n<div class=\"jumbotron-text\">\n<p>La ikastola es mucho m\u00e1s que un centro educativo: es una comunidad en movimiento y colaborativa que quiere construir un proyecto com\u00fan.<\/p>\n<div class=\"row\">\n<div class=\"col-md-12 col-xs-12\"><strong>Euskaldun: Euskaratik mundura!<\/strong><\/p>\n<p>En la ikastola vivimos en euskera, ya que queremos vivir en una Euskal Herria euskaldun. Nacemos al mundo en euskera y traemos el mundo a la ikastola en euskera. De Euskal Herria al mundo, del euskera al pluriling\u00fcismo: ese es nuestro proyecto ling\u00fc\u00edstico.<\/p>\n<p><strong>Popular: del pueblo, para el pueblo.<\/strong><\/p>\n<p>Entendemos la educaci\u00f3n como un servicio p\u00fablico, la ikastola se organiza en forma de cooperativa. Las familias son cooperativistas y de ellas es la \u00faltima palabra, ellas deciden. Se centra en la participaci\u00f3n social, la solidaridad y la responsabilidad. Tiene un modelo propio de educaci\u00f3n, unido al pueblo y a la ciudadan\u00eda, un modelo a su servicio. Se re\u00fane en Ikastolen Elkartea junto con todas las ikastolas en la Cooperativa Europea. La ikastola es un modelo para Euskal Herria.<\/p>\n<p><strong>Transformadora: transformando la educaci\u00f3n.<\/strong><\/p>\n<p>Partiendo del curr\u00edculum vasco y de las competencias, la ikastola est\u00e1 transformando la educaci\u00f3n con su modelo pedag\u00f3gico. La ikastola tambi\u00e9n es pionera en la renovaci\u00f3n de espacios, en la creaci\u00f3n e incorporaci\u00f3n de contenidos digitales, en el nuevo paradigma educativo. La investigaci\u00f3n es una constante, desarrollando e innovando proyectos pedag\u00f3gicos. La ikastola tiene una \u00fanica manera de entender la excelencia: la mejora de todo el alumnado. Transformar la educaci\u00f3n para transformar la sociedad; para construir una sociedad m\u00e1s justa, igualitaria, euskaldun y feliz.<\/p>\n<p><strong>Un modelo educativo propio: basado en el curr\u00edculo vasco y en las competencias.<\/strong><\/p>\n<p>Partiendo del perfil de salida del alumnado, con un marco pedag\u00f3gico propio, el modelo de la ikastola se basa en el curr\u00edculum y las competencias vascas. Desarrolla un tratamiento integral e integrado de las lenguas, con un planteamiento centrado en el euskera. Integra en todas las \u00e1reas las competencias b\u00e1sicas generales y la competencia digital. El alumnado debe saber pensar y aprender, comunicarse, convivir, ser una misma, hacer y emprender. Dispone de una educaci\u00f3n integral con materiales did\u00e1cticos propios.<\/p>\n<\/div>\n<\/div>\n<\/div>\n<\/div>\n<\/div><\/div><\/div><\/div><\/div><div class=\"vc_col-sm-6 wpb_column vc_column_container\"><div class=\"vc_column-inner\"><div class=\"wpb_wrapper\"><div class=\"w-video align_none ratio_16x9 has_iframe\"><div class=\"w-video-h\"><iframe title=\"Youtube video player\" src=\"\/\/www.youtube.com\/embed\/aBniBQK7lLE?autoplay=0&controls=1&origin=https:\/\/seberaltubeikastola.eus\/es\/&loop=0&mute=0\" allowfullscreen=\"1\" loading=\"lazy\"><\/iframe><\/div><\/div><\/div><\/div><\/div><\/div><\/div><\/section>\n","protected":false},"excerpt":{"rendered":"La ikastola es mucho m\u00e1s que un centro educativo: es una comunidad en movimiento y colaborativa que quiere construir un proyecto com\u00fan. Euskaldun: Euskaratik mundura! En la ikastola vivimos en euskera, ya que queremos vivir en una Euskal Herria euskaldun. Nacemos al mundo en euskera y traemos el mundo a la ikastola en euskera. De...","protected":false},"author":1,"featured_media":0,"parent":0,"menu_order":0,"comment_status":"closed","ping_status":"closed","template":"","meta":{"_acf_changed":false,"footnotes":""},"class_list":["post-2632","page","type-page","status-publish","hentry"],"acf":[],"_links":{"self":[{"href":"https:\/\/seberaltubeikastola.eus\/es\/wp-json\/wp\/v2\/pages\/2632","targetHints":{"allow":["GET"]}}],"collection":[{"href":"https:\/\/seberaltubeikastola.eus\/es\/wp-json\/wp\/v2\/pages"}],"about":[{"href":"https:\/\/seberaltubeikastola.eus\/es\/wp-json\/wp\/v2\/types\/page"}],"author":[{"embeddable":true,"href":"https:\/\/seberaltubeikastola.eus\/es\/wp-json\/wp\/v2\/users\/1"}],"replies":[{"embeddable":true,"href":"https:\/\/seberaltubeikastola.eus\/es\/wp-json\/wp\/v2\/comments?post=2632"}],"version-history":[{"count":4,"href":"https:\/\/seberaltubeikastola.eus\/es\/wp-json\/wp\/v2\/pages\/2632\/revisions"}],"predecessor-version":[{"id":3126,"href":"https:\/\/seberaltubeikastola.eus\/es\/wp-json\/wp\/v2\/pages\/2632\/revisions\/3126"}],"wp:attachment":[{"href":"https:\/\/seberaltubeikastola.eus\/es\/wp-json\/wp\/v2\/media?parent=2632"}],"curies":[{"name":"wp","href":"https:\/\/api.w.org\/{rel}","templated":true}]}}

<section class="l-section wpb_row height_medium width_full"><div class="l-section-h i-cf"><div class="g-cols vc_row via_flex valign_top type_default stacking_default"><div class="vc_col-sm-6 wpb_column vc_column_container"><div class="vc_column-inner"><div class="wpb_wrapper"><div class="wpb_text_column"><div class="wpb_wrapper"><div id="translation_text">
<div class="jumbotron-text">
<p>La ikastola es mucho más que un centro educativo: es una comunidad en movimiento y colaborativa que quiere construir un proyecto común.</p>
<div class="row">
<div class="col-md-12 col-xs-12"><strong>Euskaldun: Euskaratik mundura!</strong></p>
<p>En la ikastola vivimos en euskera, ya que queremos vivir en una Euskal Herria euskaldun. Nacemos al mundo en euskera y traemos el mundo a la ikastola en euskera. De Euskal Herria al mundo, del euskera al plurilingüismo: ese es nuestro proyecto lingüístico.</p>
<p><strong>Popular: del pueblo, para el pueblo.</strong></p>
<p>Entendemos la educación como un servicio público, la ikastola se organiza en forma de cooperativa. Las familias son cooperativistas y de ellas es la última palabra, ellas deciden. Se centra en la participación social, la solidaridad y la responsabilidad. Tiene un modelo propio de educación, unido al pueblo y a la ciudadanía, un modelo a su servicio. Se reúne en Ikastolen Elkartea junto con todas las ikastolas en la Cooperativa Europea. La ikastola es un modelo para Euskal Herria.</p>
<p><strong>Transformadora: transformando la educación.</strong></p>
<p>Partiendo del currículum vasco y de las competencias, la ikastola está transformando la educación con su modelo pedagógico. La ikastola también es pionera en la renovación de espacios, en la creación e incorporación de contenidos digitales, en el nuevo paradigma educativo. La investigación es una constante, desarrollando e innovando proyectos pedagógicos. La ikastola tiene una única manera de entender la excelencia: la mejora de todo el alumnado. Transformar la educación para transformar la sociedad; para construir una sociedad más justa, igualitaria, euskaldun y feliz.</p>
<p><strong>Un modelo educativo propio: basado en el currículo vasco y en las competencias.</strong></p>
<p>Partiendo del perfil de salida del alumnado, con un marco pedagógico propio, el modelo de la ikastola se basa en el currículum y las competencias vascas. Desarrolla un tratamiento integral e integrado de las lenguas, con un planteamiento centrado en el euskera. Integra en todas las áreas las competencias básicas generales y la competencia digital. El alumnado debe saber pensar y aprender, comunicarse, convivir, ser una misma, hacer y emprender. Dispone de una educación integral con materiales didácticos propios.</p>
</div>
</div>
</div>
</div>
</div></div></div></div></div><div class="vc_col-sm-6 wpb_column vc_column_container"><div class="vc_column-inner"><div class="wpb_wrapper"><div class="w-video align_none ratio_16x9 has_iframe"><div class="w-video-h"><iframe title="Youtube video player" src="//www.youtube.com/embed/aBniBQK7lLE?autoplay=0&controls=1&origin=https://seberaltubeikastola.eus/es/&loop=0&mute=0" allowfullscreen="1" loading="lazy"></iframe></div></div></div></div></div></div></div></section>

La ikastola es mucho más que un centro educativo: es una comunidad en movimiento y colaborativa que quiere construir un proyecto común. Euskaldun: Euskaratik mundura! En la ikastola vivimos en euskera, ya que queremos vivir en una Euskal Herria euskaldun. Nacemos al mundo en euskera y traemos el mundo a la ikastola en euskera. De...
