{"id":2804,"date":"2020-08-14T10:44:09","date_gmt":"2020-08-14T09:44:09","guid":{"rendered":"https:\/\/seberaltubeikastola.eus\/idazkaritza\/"},"modified":"2022-10-03T14:52:31","modified_gmt":"2022-10-03T13:52:31","slug":"idazkaritza","status":"publish","type":"page","link":"https:\/\/seberaltubeikastola.eus\/es\/zerbitzuak\/idazkaritza\/","title":{"rendered":"Idazkaritza"},"content":{"rendered":"<section class=\"l-section wpb_row us_custom_b91424ac height_medium width_full\"><div class=\"l-section-h i-cf\"><div class=\"g-cols vc_row via_flex valign_top type_default stacking_default\"><div class=\"vc_col-sm-12 wpb_column vc_column_container\"><div class=\"vc_column-inner\"><div class=\"wpb_wrapper\"><div class=\"wpb_text_column\"><div class=\"wpb_wrapper\"><p>El servicio de secretar\u00eda es un servicio de comunicaci\u00f3n con la ikastola y para la realizaci\u00f3n de los principales tr\u00e1mites.<\/p>\n<p><strong>Horario: 9:00-13:00 \/ 14:30-16:30<\/strong><\/p>\n<\/div><\/div><\/div><\/div><\/div><\/div><\/div><\/section><section class=\"l-section wpb_row height_medium width_full\"><div class=\"l-section-h i-cf\"><div class=\"g-cols vc_row via_flex valign_top type_default stacking_default\"><div class=\"vc_col-sm-4 wpb_column vc_column_container\"><div class=\"vc_column-inner\"><div class=\"wpb_wrapper\"><div class=\"w-image us_custom_213e151c align_none\"><a title=\"Matrikulazioa\" href=\"https:\/\/seberaltubeikastola.eus\/zerbitzuak\/idazkaritza\/matrikulazioa\/\" aria-label=\"john-schnobrich-FlPc9_VocJ4-unsplash\" class=\"w-image-h\"><img decoding=\"async\" width=\"2560\" height=\"1707\" src=\"https:\/\/seberaltubeikastola.eus\/wp-content\/uploads\/2020\/10\/john-schnobrich-FlPc9_VocJ4-unsplash-scaled.jpg\" class=\"attachment-full size-full\" alt=\"\" loading=\"lazy\" srcset=\"https:\/\/seberaltubeikastola.eus\/wp-content\/uploads\/2020\/10\/john-schnobrich-FlPc9_VocJ4-unsplash-scaled.jpg 2560w, https:\/\/seberaltubeikastola.eus\/wp-content\/uploads\/2020\/10\/john-schnobrich-FlPc9_VocJ4-unsplash-300x200.jpg 300w, https:\/\/seberaltubeikastola.eus\/wp-content\/uploads\/2020\/10\/john-schnobrich-FlPc9_VocJ4-unsplash-1024x683.jpg 1024w, https:\/\/seberaltubeikastola.eus\/wp-content\/uploads\/2020\/10\/john-schnobrich-FlPc9_VocJ4-unsplash-391x260.jpg 391w\" sizes=\"auto, (max-width: 2560px) 100vw, 2560px\" \/><\/a><\/div>[vc_custom_heading text=\u00bbMatriculaci\u00f3n\u00bb font_container=\u00bbtag:h4|text_align:center\u00bb use_theme_fonts=\u00bbyes\u00bb link=\u00bburl:https%3A%2F%2Fseberaltubeikastola.eus%2Fzerbitzuak%2Fidazkaritza%2Fmatrikulazioa%2F|title:Matrikulazioa\u00bb]<\/div><\/div><\/div><div class=\"vc_col-sm-4 wpb_column vc_column_container\"><div class=\"vc_column-inner\"><div class=\"wpb_wrapper\"><div class=\"w-image us_custom_213e151c align_none\"><a title=\"Harremanetarako\" href=\"https:\/\/seberaltubeikastola.eus\/ikastola\/harremanetarako\/\" aria-label=\"miryam-leon-Jdpvhn6xA0w-unsplash\" class=\"w-image-h\"><img decoding=\"async\" width=\"2560\" height=\"1707\" src=\"https:\/\/seberaltubeikastola.eus\/wp-content\/uploads\/2020\/10\/miryam-leon-Jdpvhn6xA0w-unsplash-scaled.jpg\" class=\"attachment-full size-full\" alt=\"\" loading=\"lazy\" srcset=\"https:\/\/seberaltubeikastola.eus\/wp-content\/uploads\/2020\/10\/miryam-leon-Jdpvhn6xA0w-unsplash-scaled.jpg 2560w, https:\/\/seberaltubeikastola.eus\/wp-content\/uploads\/2020\/10\/miryam-leon-Jdpvhn6xA0w-unsplash-300x200.jpg 300w, https:\/\/seberaltubeikastola.eus\/wp-content\/uploads\/2020\/10\/miryam-leon-Jdpvhn6xA0w-unsplash-1024x683.jpg 1024w, https:\/\/seberaltubeikastola.eus\/wp-content\/uploads\/2020\/10\/miryam-leon-Jdpvhn6xA0w-unsplash-391x260.jpg 391w\" sizes=\"auto, (max-width: 2560px) 100vw, 2560px\" \/><\/a><\/div>[vc_custom_heading text=\u00bbContacto\u00bb font_container=\u00bbtag:h4|text_align:center\u00bb use_theme_fonts=\u00bbyes\u00bb link=\u00bburl:https%3A%2F%2Fseberaltubeikastola.eus%2Fikastola%2Fharremanetarako%2F|title:Harremanetarako\u00bb]<\/div><\/div><\/div><div class=\"vc_col-sm-4 wpb_column vc_column_container\"><div class=\"vc_column-inner\"><div class=\"wpb_wrapper\"><div class=\"w-image us_custom_213e151c align_none\"><a title=\"Gurekin lan egin\" href=\"https:\/\/seberaltubeikastola.eus\/zerbitzuak\/idazkaritza\/gurekin-lan-egin\/\" aria-label=\"agence-olloweb-Z2ImfOCafFk-unsplash\" class=\"w-image-h\"><img decoding=\"async\" width=\"2560\" height=\"1700\" src=\"https:\/\/seberaltubeikastola.eus\/wp-content\/uploads\/2020\/10\/agence-olloweb-Z2ImfOCafFk-unsplash-scaled.jpg\" class=\"attachment-full size-full\" alt=\"\" loading=\"lazy\" srcset=\"https:\/\/seberaltubeikastola.eus\/wp-content\/uploads\/2020\/10\/agence-olloweb-Z2ImfOCafFk-unsplash-scaled.jpg 2560w, https:\/\/seberaltubeikastola.eus\/wp-content\/uploads\/2020\/10\/agence-olloweb-Z2ImfOCafFk-unsplash-300x199.jpg 300w, https:\/\/seberaltubeikastola.eus\/wp-content\/uploads\/2020\/10\/agence-olloweb-Z2ImfOCafFk-unsplash-1024x680.jpg 1024w, https:\/\/seberaltubeikastola.eus\/wp-content\/uploads\/2020\/10\/agence-olloweb-Z2ImfOCafFk-unsplash-391x260.jpg 391w\" sizes=\"auto, (max-width: 2560px) 100vw, 2560px\" \/><\/a><\/div>[vc_custom_heading text=\u00bbTrabaja con nosotr@s\u00bb font_container=\u00bbtag:h4|text_align:center\u00bb use_theme_fonts=\u00bbyes\u00bb link=\u00bburl:https%3A%2F%2Fseberaltubeikastola.eus%2Fzerbitzuak%2Fidazkaritza%2Fgurekin-lan-egin%2F|title:Gurekin%20lan%20egin\u00bb]<\/div><\/div><\/div><\/div><\/div><\/section>\n","protected":false},"excerpt":{"rendered":"El servicio de secretar\u00eda es un servicio de comunicaci\u00f3n con la ikastola y para la realizaci\u00f3n de los principales tr\u00e1mites. Horario: 9:00-13:00 \/ 14:30-16:30 [vc_custom_heading text=\"Matriculaci\u00f3n\" font_container=\"tag:h4|text_align:center\" use_theme_fonts=\"yes\" link=\"url:https%3A%2F%2Fseberaltubeikastola.eus%2Fzerbitzuak%2Fidazkaritza%2Fmatrikulazioa%2F|title:Matrikulazioa\"][vc_custom_heading text=\"Contacto\" font_container=\"tag:h4|text_align:center\" use_theme_fonts=\"yes\" link=\"url:https%3A%2F%2Fseberaltubeikastola.eus%2Fikastola%2Fharremanetarako%2F|title:Harremanetarako\"][vc_custom_heading text=\"Trabaja con nosotr@s\" font_container=\"tag:h4|text_align:center\" use_theme_fonts=\"yes\" link=\"url:https%3A%2F%2Fseberaltubeikastola.eus%2Fzerbitzuak%2Fidazkaritza%2Fgurekin-lan-egin%2F|title:Gurekin%20lan%20egin\"]","protected":false},"author":1,"featured_media":0,"parent":2807,"menu_order":0,"comment_status":"closed","ping_status":"closed","template":"","meta":{"_acf_changed":false,"footnotes":""},"class_list":["post-2804","page","type-page","status-publish","hentry"],"acf":[],"_links":{"self":[{"href":"https:\/\/seberaltubeikastola.eus\/es\/wp-json\/wp\/v2\/pages\/2804","targetHints":{"allow":["GET"]}}],"collection":[{"href":"https:\/\/seberaltubeikastola.eus\/es\/wp-json\/wp\/v2\/pages"}],"about":[{"href":"https:\/\/seberaltubeikastola.eus\/es\/wp-json\/wp\/v2\/types\/page"}],"author":[{"embeddable":true,"href":"https:\/\/seberaltubeikastola.eus\/es\/wp-json\/wp\/v2\/users\/1"}],"replies":[{"embeddable":true,"href":"https:\/\/seberaltubeikastola.eus\/es\/wp-json\/wp\/v2\/comments?post=2804"}],"version-history":[{"count":4,"href":"https:\/\/seberaltubeikastola.eus\/es\/wp-json\/wp\/v2\/pages\/2804\/revisions"}],"predecessor-version":[{"id":3214,"href":"https:\/\/seberaltubeikastola.eus\/es\/wp-json\/wp\/v2\/pages\/2804\/revisions\/3214"}],"up":[{"embeddable":true,"href":"https:\/\/seberaltubeikastola.eus\/es\/wp-json\/wp\/v2\/pages\/2807"}],"wp:attachment":[{"href":"https:\/\/seberaltubeikastola.eus\/es\/wp-json\/wp\/v2\/media?parent=2804"}],"curies":[{"name":"wp","href":"https:\/\/api.w.org\/{rel}","templated":true}]}}

<section class="l-section wpb_row us_custom_b91424ac height_medium width_full"><div class="l-section-h i-cf"><div class="g-cols vc_row via_flex valign_top type_default stacking_default"><div class="vc_col-sm-12 wpb_column vc_column_container"><div class="vc_column-inner"><div class="wpb_wrapper"><div class="wpb_text_column"><div class="wpb_wrapper"><p>El servicio de secretaría es un servicio de comunicación con la ikastola y para la realización de los principales trámites.</p>
<p><strong>Horario: 9:00-13:00 / 14:30-16:30</strong></p>
</div></div></div></div></div></div></div></section><section class="l-section wpb_row height_medium width_full"><div class="l-section-h i-cf"><div class="g-cols vc_row via_flex valign_top type_default stacking_default"><div class="vc_col-sm-4 wpb_column vc_column_container"><div class="vc_column-inner"><div class="wpb_wrapper"><div class="w-image us_custom_213e151c align_none"><a title="Matrikulazioa" href="https://seberaltubeikastola.eus/zerbitzuak/idazkaritza/matrikulazioa/" aria-label="john-schnobrich-FlPc9_VocJ4-unsplash" class="w-image-h"><img decoding="async" width="2560" height="1707" src="https://seberaltubeikastola.eus/wp-content/uploads/2020/10/john-schnobrich-FlPc9_VocJ4-unsplash-scaled.jpg" class="attachment-full size-full" alt="" loading="lazy" srcset="https://seberaltubeikastola.eus/wp-content/uploads/2020/10/john-schnobrich-FlPc9_VocJ4-unsplash-scaled.jpg 2560w, https://seberaltubeikastola.eus/wp-content/uploads/2020/10/john-schnobrich-FlPc9_VocJ4-unsplash-300x200.jpg 300w, https://seberaltubeikastola.eus/wp-content/uploads/2020/10/john-schnobrich-FlPc9_VocJ4-unsplash-1024x683.jpg 1024w, https://seberaltubeikastola.eus/wp-content/uploads/2020/10/john-schnobrich-FlPc9_VocJ4-unsplash-391x260.jpg 391w" sizes="auto, (max-width: 2560px) 100vw, 2560px" /></a></div>[vc_custom_heading text=»Matriculación» font_container=»tag:h4|text_align:center» use_theme_fonts=»yes» link=»url:https%3A%2F%2Fseberaltubeikastola.eus%2Fzerbitzuak%2Fidazkaritza%2Fmatrikulazioa%2F|title:Matrikulazioa»]</div></div></div><div class="vc_col-sm-4 wpb_column vc_column_container"><div class="vc_column-inner"><div class="wpb_wrapper"><div class="w-image us_custom_213e151c align_none"><a title="Harremanetarako" href="https://seberaltubeikastola.eus/ikastola/harremanetarako/" aria-label="miryam-leon-Jdpvhn6xA0w-unsplash" class="w-image-h"><img decoding="async" width="2560" height="1707" src="https://seberaltubeikastola.eus/wp-content/uploads/2020/10/miryam-leon-Jdpvhn6xA0w-unsplash-scaled.jpg" class="attachment-full size-full" alt="" loading="lazy" srcset="https://seberaltubeikastola.eus/wp-content/uploads/2020/10/miryam-leon-Jdpvhn6xA0w-unsplash-scaled.jpg 2560w, https://seberaltubeikastola.eus/wp-content/uploads/2020/10/miryam-leon-Jdpvhn6xA0w-unsplash-300x200.jpg 300w, https://seberaltubeikastola.eus/wp-content/uploads/2020/10/miryam-leon-Jdpvhn6xA0w-unsplash-1024x683.jpg 1024w, https://seberaltubeikastola.eus/wp-content/uploads/2020/10/miryam-leon-Jdpvhn6xA0w-unsplash-391x260.jpg 391w" sizes="auto, (max-width: 2560px) 100vw, 2560px" /></a></div>[vc_custom_heading text=»Contacto» font_container=»tag:h4|text_align:center» use_theme_fonts=»yes» link=»url:https%3A%2F%2Fseberaltubeikastola.eus%2Fikastola%2Fharremanetarako%2F|title:Harremanetarako»]</div></div></div><div class="vc_col-sm-4 wpb_column vc_column_container"><div class="vc_column-inner"><div class="wpb_wrapper"><div class="w-image us_custom_213e151c align_none"><a title="Gurekin lan egin" href="https://seberaltubeikastola.eus/zerbitzuak/idazkaritza/gurekin-lan-egin/" aria-label="agence-olloweb-Z2ImfOCafFk-unsplash" class="w-image-h"><img decoding="async" width="2560" height="1700" src="https://seberaltubeikastola.eus/wp-content/uploads/2020/10/agence-olloweb-Z2ImfOCafFk-unsplash-scaled.jpg" class="attachment-full size-full" alt="" loading="lazy" srcset="https://seberaltubeikastola.eus/wp-content/uploads/2020/10/agence-olloweb-Z2ImfOCafFk-unsplash-scaled.jpg 2560w, https://seberaltubeikastola.eus/wp-content/uploads/2020/10/agence-olloweb-Z2ImfOCafFk-unsplash-300x199.jpg 300w, https://seberaltubeikastola.eus/wp-content/uploads/2020/10/agence-olloweb-Z2ImfOCafFk-unsplash-1024x680.jpg 1024w, https://seberaltubeikastola.eus/wp-content/uploads/2020/10/agence-olloweb-Z2ImfOCafFk-unsplash-391x260.jpg 391w" sizes="auto, (max-width: 2560px) 100vw, 2560px" /></a></div>[vc_custom_heading text=»Trabaja con nosotr@s» font_container=»tag:h4|text_align:center» use_theme_fonts=»yes» link=»url:https%3A%2F%2Fseberaltubeikastola.eus%2Fzerbitzuak%2Fidazkaritza%2Fgurekin-lan-egin%2F|title:Gurekin%20lan%20egin»]</div></div></div></div></div></section>

El servicio de secretaría es un servicio de comunicación con la ikastola y para la realización de los principales trámites. Horario: 9:00-13:00 / 14:30-16:30 [vc_custom_heading text="Matriculación" font_container="tag:h4|text_align:center" use_theme_fonts="yes" link="url:https%3A%2F%2Fseberaltubeikastola.eus%2Fzerbitzuak%2Fidazkaritza%2Fmatrikulazioa%2F|title:Matrikulazioa"][vc_custom_heading text="Contacto" font_container="tag:h4|text_align:center" use_theme_fonts="yes" link="url:https%3A%2F%2Fseberaltubeikastola.eus%2Fikastola%2Fharremanetarako%2F|title:Harremanetarako"][vc_custom_heading text="Trabaja con nosotr@s" font_container="tag:h4|text_align:center" use_theme_fonts="yes" link="url:https%3A%2F%2Fseberaltubeikastola.eus%2Fzerbitzuak%2Fidazkaritza%2Fgurekin-lan-egin%2F|title:Gurekin%20lan%20egin"]
