{"id":2842,"date":"2020-08-14T11:13:00","date_gmt":"2020-08-14T10:13:00","guid":{"rendered":"https:\/\/seberaltubeikastola.eus\/parte-hartzea\/asanblada\/"},"modified":"2022-09-29T23:48:35","modified_gmt":"2022-09-29T22:48:35","slug":"asanblada","status":"publish","type":"page","link":"https:\/\/seberaltubeikastola.eus\/es\/parte-hartzea\/asanblada\/","title":{"rendered":"Asanblada"},"content":{"rendered":"<section class=\"l-section wpb_row height_medium width_full\"><div class=\"l-section-h i-cf\"><div class=\"g-cols vc_row via_flex valign_top type_default stacking_default\"><div class=\"vc_col-sm-6 wpb_column vc_column_container\"><div class=\"vc_column-inner\"><div class=\"wpb_wrapper\"><div class=\"wpb_text_column\"><div class=\"wpb_wrapper\"><p>La Asamblea es el principal centro de decisi\u00f3n de la ikastola. En \u00e9l se toman decisiones estrat\u00e9gicas y tambi\u00e9n pedag\u00f3gicas y econ\u00f3micas vinculadas al futuro.<\/p>\n<p>Tod@s l@s cooperativistas de Seber Altube est\u00e1n llamad@s a participar.<br \/>\nLa asamblea ordinaria se celebra habitualmente al final de curso, aunque tambi\u00e9n se puede convocar una asamblea extraordinaria en funci\u00f3n de las necesidades.<\/p>\n<p>La convocatoria se realiza con tiempo a l@s cooperativistas que integran la comunidad con el objetivo de fomentar la participaci\u00f3n.<br \/>\nEl orden del d\u00eda lo propone la Junta y se comunica con la convocatoria. Si se quiere tratar alg\u00fan tema, se puede dirigir la propuesta a la junta o en ruegos y preguntas siempre se podr\u00e1 sacar el tema que desee cualquier cooperativista.<\/p>\n<\/div><\/div><\/div><\/div><\/div><div class=\"vc_col-sm-6 wpb_column vc_column_container\"><div class=\"vc_column-inner\"><div class=\"wpb_wrapper\"><div class=\"w-image align_none\"><div class=\"w-image-h\"><img decoding=\"async\" width=\"1024\" height=\"576\" src=\"https:\/\/seberaltubeikastola.eus\/wp-content\/uploads\/2020\/10\/20170519_183243-1024x576.jpg\" class=\"attachment-large size-large\" alt=\"\" loading=\"lazy\" srcset=\"https:\/\/seberaltubeikastola.eus\/wp-content\/uploads\/2020\/10\/20170519_183243-1024x576.jpg 1024w, https:\/\/seberaltubeikastola.eus\/wp-content\/uploads\/2020\/10\/20170519_183243-300x169.jpg 300w\" sizes=\"auto, (max-width: 1024px) 100vw, 1024px\" \/><\/div><\/div><\/div><\/div><\/div><\/div><\/div><\/section>\n","protected":false},"excerpt":{"rendered":"La Asamblea es el principal centro de decisi\u00f3n de la ikastola. En \u00e9l se toman decisiones estrat\u00e9gicas y tambi\u00e9n pedag\u00f3gicas y econ\u00f3micas vinculadas al futuro. Tod@s l@s cooperativistas de Seber Altube est\u00e1n llamad@s a participar. La asamblea ordinaria se celebra habitualmente al final de curso, aunque tambi\u00e9n se puede convocar una asamblea extraordinaria en funci\u00f3n...","protected":false},"author":1,"featured_media":0,"parent":2837,"menu_order":0,"comment_status":"closed","ping_status":"closed","template":"","meta":{"_acf_changed":false,"footnotes":""},"class_list":["post-2842","page","type-page","status-publish","hentry"],"acf":[],"_links":{"self":[{"href":"https:\/\/seberaltubeikastola.eus\/es\/wp-json\/wp\/v2\/pages\/2842","targetHints":{"allow":["GET"]}}],"collection":[{"href":"https:\/\/seberaltubeikastola.eus\/es\/wp-json\/wp\/v2\/pages"}],"about":[{"href":"https:\/\/seberaltubeikastola.eus\/es\/wp-json\/wp\/v2\/types\/page"}],"author":[{"embeddable":true,"href":"https:\/\/seberaltubeikastola.eus\/es\/wp-json\/wp\/v2\/users\/1"}],"replies":[{"embeddable":true,"href":"https:\/\/seberaltubeikastola.eus\/es\/wp-json\/wp\/v2\/comments?post=2842"}],"version-history":[{"count":6,"href":"https:\/\/seberaltubeikastola.eus\/es\/wp-json\/wp\/v2\/pages\/2842\/revisions"}],"predecessor-version":[{"id":3166,"href":"https:\/\/seberaltubeikastola.eus\/es\/wp-json\/wp\/v2\/pages\/2842\/revisions\/3166"}],"up":[{"embeddable":true,"href":"https:\/\/seberaltubeikastola.eus\/es\/wp-json\/wp\/v2\/pages\/2837"}],"wp:attachment":[{"href":"https:\/\/seberaltubeikastola.eus\/es\/wp-json\/wp\/v2\/media?parent=2842"}],"curies":[{"name":"wp","href":"https:\/\/api.w.org\/{rel}","templated":true}]}}

<section class="l-section wpb_row height_medium width_full"><div class="l-section-h i-cf"><div class="g-cols vc_row via_flex valign_top type_default stacking_default"><div class="vc_col-sm-6 wpb_column vc_column_container"><div class="vc_column-inner"><div class="wpb_wrapper"><div class="wpb_text_column"><div class="wpb_wrapper"><p>La Asamblea es el principal centro de decisión de la ikastola. En él se toman decisiones estratégicas y también pedagógicas y económicas vinculadas al futuro.</p>
<p>Tod@s l@s cooperativistas de Seber Altube están llamad@s a participar.<br />
La asamblea ordinaria se celebra habitualmente al final de curso, aunque también se puede convocar una asamblea extraordinaria en función de las necesidades.</p>
<p>La convocatoria se realiza con tiempo a l@s cooperativistas que integran la comunidad con el objetivo de fomentar la participación.<br />
El orden del día lo propone la Junta y se comunica con la convocatoria. Si se quiere tratar algún tema, se puede dirigir la propuesta a la junta o en ruegos y preguntas siempre se podrá sacar el tema que desee cualquier cooperativista.</p>
</div></div></div></div></div><div class="vc_col-sm-6 wpb_column vc_column_container"><div class="vc_column-inner"><div class="wpb_wrapper"><div class="w-image align_none"><div class="w-image-h"><img decoding="async" width="1024" height="576" src="https://seberaltubeikastola.eus/wp-content/uploads/2020/10/20170519_183243-1024x576.jpg" class="attachment-large size-large" alt="" loading="lazy" srcset="https://seberaltubeikastola.eus/wp-content/uploads/2020/10/20170519_183243-1024x576.jpg 1024w, https://seberaltubeikastola.eus/wp-content/uploads/2020/10/20170519_183243-300x169.jpg 300w" sizes="auto, (max-width: 1024px) 100vw, 1024px" /></div></div></div></div></div></div></div></section>

La Asamblea es el principal centro de decisión de la ikastola. En él se toman decisiones estratégicas y también pedagógicas y económicas vinculadas al futuro. Tod@s l@s cooperativistas de Seber Altube están llamad@s a participar. La asamblea ordinaria se celebra habitualmente al final de curso, aunque también se puede convocar una asamblea extraordinaria en función...
