{"id":2855,"date":"2020-11-26T16:36:07","date_gmt":"2020-11-26T15:36:07","guid":{"rendered":"https:\/\/seberaltubeikastola.eus\/parte-hartzea\/guraso-ordezkariak\/"},"modified":"2022-09-30T00:02:55","modified_gmt":"2022-09-29T23:02:55","slug":"guraso-ordezkariak","status":"publish","type":"page","link":"https:\/\/seberaltubeikastola.eus\/es\/parte-hartzea\/guraso-ordezkariak\/","title":{"rendered":"Guraso ordezkariak"},"content":{"rendered":"<section class=\"l-section wpb_row height_medium width_full\"><div class=\"l-section-h i-cf\"><div class=\"g-cols vc_row via_flex valign_top type_default stacking_default\"><div class=\"vc_col-sm-8 wpb_column vc_column_container\"><div class=\"vc_column-inner\"><div class=\"wpb_wrapper\"><div class=\"wpb_text_column\"><div class=\"wpb_wrapper\"><p>Las funciones de l@s representantes de las familias son las siguientes:  <\/p>\n<ul>\n<li>Mediaci\u00f3n entre ikastolas, tutores y familias.<\/li>\n<li>Asegurar, cuando sea necesario, la difusi\u00f3n de las informaciones de la Ikastola y dem\u00e1s grupos de trabajo, as\u00ed como las aportaciones de los padres y madres en los proyectos a desarrollar.<\/li>\n<li>Encuesta sobre los intereses de las familias.<\/li>\n<li>Reflexi\u00f3n continua sobre el modelo de ikastola.<\/li>\n<li>Preparaci\u00f3n de las Escuelas de Familia sobre temas de inter\u00e9s para las familias.<\/li>\n<\/ul>\n<\/div><\/div><div class=\"w-image align_none\"><div class=\"w-image-h\"><img decoding=\"async\" width=\"1024\" height=\"745\" src=\"https:\/\/seberaltubeikastola.eus\/wp-content\/uploads\/2020\/10\/Guraso-ordezkariak-copia.jpg\" class=\"attachment-full size-full\" alt=\"\" loading=\"lazy\" srcset=\"https:\/\/seberaltubeikastola.eus\/wp-content\/uploads\/2020\/10\/Guraso-ordezkariak-copia.jpg 1024w, https:\/\/seberaltubeikastola.eus\/wp-content\/uploads\/2020\/10\/Guraso-ordezkariak-copia-300x218.jpg 300w\" sizes=\"auto, (max-width: 1024px) 100vw, 1024px\" \/><\/div><\/div><\/div><\/div><\/div><div class=\"vc_col-sm-4 wpb_column vc_column_container\"><div class=\"vc_column-inner\"><div class=\"wpb_wrapper\"><div class=\"w-image align_none\"><a ref=\"magnificPopup\" href=\"https:\/\/seberaltubeikastola.eus\/wp-content\/uploads\/2020\/12\/Guraso-Ordezkariak2.jpg\" aria-label=\"Guraso Ordezkariak(2)\" class=\"w-image-h\"><img decoding=\"async\" width=\"607\" height=\"1517\" src=\"https:\/\/seberaltubeikastola.eus\/wp-content\/uploads\/2020\/12\/Guraso-Ordezkariak2.jpg\" class=\"attachment-full size-full\" alt=\"\" loading=\"lazy\" srcset=\"https:\/\/seberaltubeikastola.eus\/wp-content\/uploads\/2020\/12\/Guraso-Ordezkariak2.jpg 607w, https:\/\/seberaltubeikastola.eus\/wp-content\/uploads\/2020\/12\/Guraso-Ordezkariak2-120x300.jpg 120w, https:\/\/seberaltubeikastola.eus\/wp-content\/uploads\/2020\/12\/Guraso-Ordezkariak2-410x1024.jpg 410w\" sizes=\"auto, (max-width: 607px) 100vw, 607px\" \/><\/a><\/div><div class=\"w-separator size_small\"><\/div><\/div><\/div><\/div><\/div><\/div><\/section>\n","protected":false},"excerpt":{"rendered":"Las funciones de l@s representantes de las familias son las siguientes: Mediaci\u00f3n entre ikastolas, tutores y familias. Asegurar, cuando sea necesario, la difusi\u00f3n de las informaciones de la Ikastola y dem\u00e1s grupos de trabajo, as\u00ed como las aportaciones de los padres y madres en los proyectos a desarrollar. Encuesta sobre los intereses de las familias....","protected":false},"author":1,"featured_media":0,"parent":2837,"menu_order":0,"comment_status":"closed","ping_status":"closed","template":"","meta":{"_acf_changed":false,"footnotes":""},"class_list":["post-2855","page","type-page","status-publish","hentry"],"acf":[],"_links":{"self":[{"href":"https:\/\/seberaltubeikastola.eus\/es\/wp-json\/wp\/v2\/pages\/2855","targetHints":{"allow":["GET"]}}],"collection":[{"href":"https:\/\/seberaltubeikastola.eus\/es\/wp-json\/wp\/v2\/pages"}],"about":[{"href":"https:\/\/seberaltubeikastola.eus\/es\/wp-json\/wp\/v2\/types\/page"}],"author":[{"embeddable":true,"href":"https:\/\/seberaltubeikastola.eus\/es\/wp-json\/wp\/v2\/users\/1"}],"replies":[{"embeddable":true,"href":"https:\/\/seberaltubeikastola.eus\/es\/wp-json\/wp\/v2\/comments?post=2855"}],"version-history":[{"count":4,"href":"https:\/\/seberaltubeikastola.eus\/es\/wp-json\/wp\/v2\/pages\/2855\/revisions"}],"predecessor-version":[{"id":3171,"href":"https:\/\/seberaltubeikastola.eus\/es\/wp-json\/wp\/v2\/pages\/2855\/revisions\/3171"}],"up":[{"embeddable":true,"href":"https:\/\/seberaltubeikastola.eus\/es\/wp-json\/wp\/v2\/pages\/2837"}],"wp:attachment":[{"href":"https:\/\/seberaltubeikastola.eus\/es\/wp-json\/wp\/v2\/media?parent=2855"}],"curies":[{"name":"wp","href":"https:\/\/api.w.org\/{rel}","templated":true}]}}

<section class="l-section wpb_row height_medium width_full"><div class="l-section-h i-cf"><div class="g-cols vc_row via_flex valign_top type_default stacking_default"><div class="vc_col-sm-8 wpb_column vc_column_container"><div class="vc_column-inner"><div class="wpb_wrapper"><div class="wpb_text_column"><div class="wpb_wrapper"><p>Las funciones de l@s representantes de las familias son las siguientes:  </p>
<ul>
<li>Mediación entre ikastolas, tutores y familias.</li>
<li>Asegurar, cuando sea necesario, la difusión de las informaciones de la Ikastola y demás grupos de trabajo, así como las aportaciones de los padres y madres en los proyectos a desarrollar.</li>
<li>Encuesta sobre los intereses de las familias.</li>
<li>Reflexión continua sobre el modelo de ikastola.</li>
<li>Preparación de las Escuelas de Familia sobre temas de interés para las familias.</li>
</ul>
</div></div><div class="w-image align_none"><div class="w-image-h"><img decoding="async" width="1024" height="745" src="https://seberaltubeikastola.eus/wp-content/uploads/2020/10/Guraso-ordezkariak-copia.jpg" class="attachment-full size-full" alt="" loading="lazy" srcset="https://seberaltubeikastola.eus/wp-content/uploads/2020/10/Guraso-ordezkariak-copia.jpg 1024w, https://seberaltubeikastola.eus/wp-content/uploads/2020/10/Guraso-ordezkariak-copia-300x218.jpg 300w" sizes="auto, (max-width: 1024px) 100vw, 1024px" /></div></div></div></div></div><div class="vc_col-sm-4 wpb_column vc_column_container"><div class="vc_column-inner"><div class="wpb_wrapper"><div class="w-image align_none"><a ref="magnificPopup" href="https://seberaltubeikastola.eus/wp-content/uploads/2020/12/Guraso-Ordezkariak2.jpg" aria-label="Guraso Ordezkariak(2)" class="w-image-h"><img decoding="async" width="607" height="1517" src="https://seberaltubeikastola.eus/wp-content/uploads/2020/12/Guraso-Ordezkariak2.jpg" class="attachment-full size-full" alt="" loading="lazy" srcset="https://seberaltubeikastola.eus/wp-content/uploads/2020/12/Guraso-Ordezkariak2.jpg 607w, https://seberaltubeikastola.eus/wp-content/uploads/2020/12/Guraso-Ordezkariak2-120x300.jpg 120w, https://seberaltubeikastola.eus/wp-content/uploads/2020/12/Guraso-Ordezkariak2-410x1024.jpg 410w" sizes="auto, (max-width: 607px) 100vw, 607px" /></a></div><div class="w-separator size_small"></div></div></div></div></div></div></section>

Las funciones de l@s representantes de las familias son las siguientes: Mediación entre ikastolas, tutores y familias. Asegurar, cuando sea necesario, la difusión de las informaciones de la Ikastola y demás grupos de trabajo, así como las aportaciones de los padres y madres en los proyectos a desarrollar. Encuesta sobre los intereses de las familias....
